{"id":119,"date":"2019-05-10T17:17:42","date_gmt":"2019-05-10T15:17:42","guid":{"rendered":"https:\/\/nueeva.ca\/boutique\/?post_type=product&#038;p=119"},"modified":"2023-11-15T17:50:44","modified_gmt":"2023-11-15T16:50:44","slug":"accept-lait-demaquillant-apaisant","status":"publish","type":"product","link":"https:\/\/nueeva.ca\/boutique\/product\/accept-lait-demaquillant-apaisant\/","title":{"rendered":"ACCEPT &#8211; Lait D\u00e9maquillant Apaisant"},"content":{"rendered":"<p>PROPRI\u00c9T\u00c9S : D\u00e9maquillant tonique adapt\u00e9 aux peaux intol\u00e9rantes, qui d\u00e9sensibilise et<br \/>\napaise.<br \/>\nACTIFS<br \/>\nConcentr\u00e9 de Coralline : vasoconstricteur, calmant, apaisant ; d\u00e9congestionne et<br \/>\nrafra\u00eechit.<br \/>\nExtrait Purifi\u00e9 de Membrane de Levure : anti-irritant et anti-inflammation ; stimule le<br \/>\nsyst\u00e8me immunitaire et r\u00e9g\u00e9n\u00e8re les tissus l\u00e9s\u00e9s.<br \/>\nCONSEIL PROFESSIONNEL : \u00c9mulsionner du bout des doigts et retirer \u00e0 l\u2019aide d\u2019un<br \/>\npapier absorbant ou rincer \u00e0 l\u2019eau.<\/p>\n<p>Format : 250ml<\/p>\n","protected":false},"excerpt":{"rendered":"<p>PROPRI\u00c9T\u00c9S : D\u00e9maquillant tonique adapt\u00e9 aux peaux intol\u00e9rantes, qui d\u00e9sensibilise [&hellip;]<\/p>\n","protected":false},"featured_media":210,"comment_status":"open","ping_status":"closed","template":"","meta":{"spay_email":""},"_links":{"self":[{"href":"https:\/\/nueeva.ca\/boutique\/wp-json\/wp\/v2\/product\/119"}],"collection":[{"href":"https:\/\/nueeva.ca\/boutique\/wp-json\/wp\/v2\/product"}],"about":[{"href":"https:\/\/nueeva.ca\/boutique\/wp-json\/wp\/v2\/types\/product"}],"replies":[{"embeddable":true,"href":"https:\/\/nueeva.ca\/boutique\/wp-json\/wp\/v2\/comments?post=119"}],"wp:featuredmedia":[{"embeddable":true,"href":"https:\/\/nueeva.ca\/boutique\/wp-json\/wp\/v2\/media\/210"}],"wp:attachment":[{"href":"https:\/\/nueeva.ca\/boutique\/wp-json\/wp\/v2\/media?parent=119"}],"curies":[{"name":"wp","href":"https:\/\/api.w.org\/{rel}","templated":true}]}}