{"id":121,"date":"2019-05-10T17:28:22","date_gmt":"2019-05-10T15:28:22","guid":{"rendered":"https:\/\/nueeva.ca\/boutique\/?post_type=product&#038;p=121"},"modified":"2026-02-26T20:10:27","modified_gmt":"2026-02-26T19:10:27","slug":"acnipur-fluide-solution-imperfections","status":"publish","type":"product","link":"https:\/\/nueeva.ca\/boutique\/product\/acnipur-fluide-solution-imperfections\/","title":{"rendered":"ACNIPUR &#8211; Fluide Solution Imperfections"},"content":{"rendered":"<p>PROPRI\u00c9T\u00c9S<br \/>\nUne formule \u00ab poids plume \u00bb qui contr\u00f4le les brillances, pr\u00e9vient et corrige visiblement les imperfections<br \/>\net resserre les pores sans dess\u00e9cher.<br \/>\nACTIF DE R\u00c9F\u00c9RENCE<br \/>\nL\u2019EPS AMM, ABSOLUTE MARINE MATIFIER* : Les scientifiques PHYTOMER mettent au service des peaux<br \/>\n\u00e0 probl\u00e8mes cet ExoPolySaccharide aux propri\u00e9t\u00e9s matifiantes et anti-inflammatoires.<br \/>\nCe sucre marin high-tech absolument unique et impossible \u00e0 copier va permettre de corriger les<br \/>\nimperfections et d\u2019offrir un effet purifiant global pour retrouver une peau saine et \u00e9quilibr\u00e9e.<br \/>\nIl d\u00e9pose un film naturel invisible \u00e0 la surface de la peau qui va capturer le s\u00e9bum telle une micro\u00e9ponge.<br \/>\nD\u00e8s 1 heure, les brillances cutan\u00e9es diminuent et cet effet perdure 8 heures apr\u00e8s l\u2019application, sans<br \/>\ndess\u00e9cher la peau. Il agit \u00e9galement au coeur de la peau pour inhiber le processus inflammatoire**. Il va<br \/>\nainsi aider \u00e0 diminuer les l\u00e9sions cutan\u00e9es et contribuer ainsi l\u2019apparence et la texture de la peau.<br \/>\n+ Complexe Dermo-Purifiant : agit contre la production excessive de s\u00e9bum, la prolif\u00e9ration<br \/>\nbact\u00e9rienne, l\u2019apparition des com\u00e9dons et les r\u00e9actions inflammatoires.<br \/>\nR\u00c9SULTATS CLINIQUES<br \/>\nDiminution des boutons : &#8211; 88 %*<br \/>\nDiminution des com\u00e9dons : &#8211; 42 %*<\/p>\n<p>Quantit\u00e9 : 50ml<\/p>\n","protected":false},"excerpt":{"rendered":"<p>PROPRI\u00c9T\u00c9S Une formule \u00ab poids plume \u00bb qui contr\u00f4le les [&hellip;]<\/p>\n","protected":false},"featured_media":212,"comment_status":"open","ping_status":"closed","template":"","meta":{"spay_email":""},"_links":{"self":[{"href":"https:\/\/nueeva.ca\/boutique\/wp-json\/wp\/v2\/product\/121"}],"collection":[{"href":"https:\/\/nueeva.ca\/boutique\/wp-json\/wp\/v2\/product"}],"about":[{"href":"https:\/\/nueeva.ca\/boutique\/wp-json\/wp\/v2\/types\/product"}],"replies":[{"embeddable":true,"href":"https:\/\/nueeva.ca\/boutique\/wp-json\/wp\/v2\/comments?post=121"}],"wp:featuredmedia":[{"embeddable":true,"href":"https:\/\/nueeva.ca\/boutique\/wp-json\/wp\/v2\/media\/212"}],"wp:attachment":[{"href":"https:\/\/nueeva.ca\/boutique\/wp-json\/wp\/v2\/media?parent=121"}],"curies":[{"name":"wp","href":"https:\/\/api.w.org\/{rel}","templated":true}]}}