{"id":124,"date":"2019-05-10T17:39:18","date_gmt":"2019-05-10T15:39:18","guid":{"rendered":"https:\/\/nueeva.ca\/boutique\/?post_type=product&#038;p=124"},"modified":"2026-02-26T20:04:20","modified_gmt":"2026-02-26T19:04:20","slug":"celluli-attack-concentre-zones-rebelles","status":"publish","type":"product","link":"https:\/\/nueeva.ca\/boutique\/product\/celluli-attack-concentre-zones-rebelles\/","title":{"rendered":"CELLULI ATTACK &#8211; Concentr\u00e9 Zones Rebelles"},"content":{"rendered":"<p>PROPRI\u00c9T\u00c9S<br \/>\nCe traitement d\u2019attaque localis\u00e9 cible et gomme la cellulite et les capitons visibles des zones les plus<br \/>\ncritiques. Il lisse le relief cutan\u00e9 pour un effet peau d\u2019orange flout\u00e9e. Sa texture surfine impr\u00e8gne<br \/>\nimm\u00e9diatement et sans massage la peau d\u2019actifs lipolytiques puissants.<br \/>\nACTIF DE R\u00c9F\u00c9RENCE<br \/>\nPEPPER SLIMACTIV : Issue des graines de Schinus terebinthifolius, arbre appel\u00e9 \u00ab faux poivrier \u00bb originaire<br \/>\nd\u2019Am\u00e9rique du sud, cette huile de poivre rose pure est obtenue par un proc\u00e9d\u00e9 de haute technologie 100 %<br \/>\nvert. Les scientifiques PHYTOMER ont d\u00e9couvert que cette huile concentr\u00e9e de baies roses est capable<br \/>\nde s\u2019attaquer aux graisses rebelles pour favoriser leur \u00e9limination. Son action lipolytique est 8 fois plus<br \/>\npuissante que la caf\u00e9ine sur les graisses*.<br \/>\n+ L\u2019Absinthe Maritime : traque intelligemment les sucres pour mettre les adipocytes au r\u00e9gime forc\u00e9<br \/>\nanti-sucres : limite le stockage des graisses la nuit et facilite leur \u00e9limination au r\u00e9veil**.<br \/>\n+ Raisin marin : r\u00e9\u00e9quilibre le fonctionnement des g\u00e8nes impliqu\u00e9s dans l\u2019apparition des capitons**<br \/>\npour un \u00ab travail de fond \u00bb contre la cellulite install\u00e9e.<br \/>\n+ Acide glycolique : favorise l\u2019efficacit\u00e9 des actifs minceurs, lisse la surface de la peau.<br \/>\nCONSEIL PROFESSIONNEL<br \/>\nEffectuer une pression ferme sur la pompe puis appliquer matin et soir sur chaque zone critique (hanches,<br \/>\nfesses, cuisses, culotte de cheval, ventre, etc.).<br \/>\nNe pas utiliser chez la femme enceinte ou allaitante. Ne convient pas aux personnes sensibles \u00e0 l\u2019iode. Afin de pr\u00e9server la qualit\u00e9<br \/>\ndu produit, maintenir \u00e0 l\u2019abri de la chaleur et ne pas exposer aux rayons directs du soleil.<br \/>\nR\u00c9SULTATS CLINIQUES<br \/>\nEn 1 mois, cellulite, peau d\u2019orange et graisses rebelles sont 2 fois moins visibles***.<\/p>\n<p>Quantit\u00e9 : 100ml<\/p>\n","protected":false},"excerpt":{"rendered":"<p>PROPRI\u00c9T\u00c9S Ce traitement d\u2019attaque localis\u00e9 cible et gomme la cellulite [&hellip;]<\/p>\n","protected":false},"featured_media":195,"comment_status":"open","ping_status":"closed","template":"","meta":{"spay_email":""},"_links":{"self":[{"href":"https:\/\/nueeva.ca\/boutique\/wp-json\/wp\/v2\/product\/124"}],"collection":[{"href":"https:\/\/nueeva.ca\/boutique\/wp-json\/wp\/v2\/product"}],"about":[{"href":"https:\/\/nueeva.ca\/boutique\/wp-json\/wp\/v2\/types\/product"}],"replies":[{"embeddable":true,"href":"https:\/\/nueeva.ca\/boutique\/wp-json\/wp\/v2\/comments?post=124"}],"wp:featuredmedia":[{"embeddable":true,"href":"https:\/\/nueeva.ca\/boutique\/wp-json\/wp\/v2\/media\/195"}],"wp:attachment":[{"href":"https:\/\/nueeva.ca\/boutique\/wp-json\/wp\/v2\/media?parent=124"}],"curies":[{"name":"wp","href":"https:\/\/api.w.org\/{rel}","templated":true}]}}