{"id":129,"date":"2019-05-10T17:51:42","date_gmt":"2019-05-10T15:51:42","guid":{"rendered":"https:\/\/nueeva.ca\/boutique\/?post_type=product&#038;p=129"},"modified":"2024-11-08T23:04:15","modified_gmt":"2024-11-08T22:04:15","slug":"creme-30-solution-repulpante-1eres-rides","status":"publish","type":"product","link":"https:\/\/nueeva.ca\/boutique\/product\/creme-30-solution-repulpante-1eres-rides\/","title":{"rendered":"CR\u00c8ME 30 Solution Repulpante 1\u00e8res Rides"},"content":{"rendered":"<p>\u2022 Cr\u00e8me l\u00e9g\u00e8re et r\u00e9confortante qui combat les effets du stress sur la peau :<br \/>\nd\u00e9shydratation &#8211; 1\u00e8res Rides &#8211; perte de rebond<br \/>\n\u2022 Id\u00e9ale pour les trentenaires hyperactives<br \/>\nCR\u00c8ME 30<br \/>\nSolution Repulpante 1\u00e8res Rides<br \/>\nProduit vente : tube 50 ml<br \/>\nProduit professionnel : tube 100 ml<br \/>\nRHODELLA : inverse les effets du stress sur la peau en renfor\u00e7ant la barri\u00e8re<br \/>\nphysique et chimique, en r\u00e9hydratant la peau et en resolidarisant la Jonction<br \/>\nDermo-\u00c9pidermique (JDE)<br \/>\nJANIA : neutralise les radicaux libres g\u00e9n\u00e9r\u00e9s par le stress mental et relance<br \/>\nla synth\u00e8se de collag\u00e8ne<br \/>\nOLIGOMER\u00ae : dope la peau en magn\u00e9sium, mol\u00e9cule anti-stress de r\u00e9f\u00e9rence<\/p>\n<p>Quantit\u00e9 : 50ml<\/p>\n","protected":false},"excerpt":{"rendered":"<p>\u2022 Cr\u00e8me l\u00e9g\u00e8re et r\u00e9confortante qui combat les effets du [&hellip;]<\/p>\n","protected":false},"featured_media":217,"comment_status":"open","ping_status":"closed","template":"","meta":{"spay_email":""},"_links":{"self":[{"href":"https:\/\/nueeva.ca\/boutique\/wp-json\/wp\/v2\/product\/129"}],"collection":[{"href":"https:\/\/nueeva.ca\/boutique\/wp-json\/wp\/v2\/product"}],"about":[{"href":"https:\/\/nueeva.ca\/boutique\/wp-json\/wp\/v2\/types\/product"}],"replies":[{"embeddable":true,"href":"https:\/\/nueeva.ca\/boutique\/wp-json\/wp\/v2\/comments?post=129"}],"wp:featuredmedia":[{"embeddable":true,"href":"https:\/\/nueeva.ca\/boutique\/wp-json\/wp\/v2\/media\/217"}],"wp:attachment":[{"href":"https:\/\/nueeva.ca\/boutique\/wp-json\/wp\/v2\/media?parent=129"}],"curies":[{"name":"wp","href":"https:\/\/api.w.org\/{rel}","templated":true}]}}