{"id":287,"date":"2019-05-14T21:58:46","date_gmt":"2019-05-14T19:58:46","guid":{"rendered":"https:\/\/nueeva.ca\/boutique\/?post_type=product&#038;p=287"},"modified":"2026-02-26T19:32:57","modified_gmt":"2026-02-26T18:32:57","slug":"gang-hammam-massage-martini-spa","status":"publish","type":"product","link":"https:\/\/nueeva.ca\/boutique\/product\/gang-hammam-massage-martini-spa\/","title":{"rendered":"Gant Exfoliant Renaissance Urbain de Dani\u00e8le Henkle"},"content":{"rendered":"<div>Gant Renaissance: Gant d&rsquo;exfoliation antibact\u00e9rienne de haute gamme. Augmente la circulation sanguine, pr\u00e9pare la peau \u00e0 recevoir d&rsquo;autres produits et \u00e9limine les poils incarn\u00e9s. Enl\u00e8ve les peaux et les cellules mortes sur le corps et favorise un bronzage uniforme, unifie le teint et favorise le traitement contre l&rsquo;acn\u00e9.<\/div>\n","protected":false},"excerpt":{"rendered":"<p>Gant Renaissance: Gant d&rsquo;exfoliation antibact\u00e9rienne de haute gamme. Augmente la [&hellip;]<\/p>\n","protected":false},"featured_media":456,"comment_status":"open","ping_status":"closed","template":"","meta":{"spay_email":""},"_links":{"self":[{"href":"https:\/\/nueeva.ca\/boutique\/wp-json\/wp\/v2\/product\/287"}],"collection":[{"href":"https:\/\/nueeva.ca\/boutique\/wp-json\/wp\/v2\/product"}],"about":[{"href":"https:\/\/nueeva.ca\/boutique\/wp-json\/wp\/v2\/types\/product"}],"replies":[{"embeddable":true,"href":"https:\/\/nueeva.ca\/boutique\/wp-json\/wp\/v2\/comments?post=287"}],"wp:featuredmedia":[{"embeddable":true,"href":"https:\/\/nueeva.ca\/boutique\/wp-json\/wp\/v2\/media\/456"}],"wp:attachment":[{"href":"https:\/\/nueeva.ca\/boutique\/wp-json\/wp\/v2\/media?parent=287"}],"curies":[{"name":"wp","href":"https:\/\/api.w.org\/{rel}","templated":true}]}}