{"id":69,"date":"2019-05-09T21:39:36","date_gmt":"2019-05-09T19:39:36","guid":{"rendered":"https:\/\/nueeva.ca\/boutique\/?post_type=product&#038;p=69"},"modified":"2026-02-26T20:18:53","modified_gmt":"2026-02-26T19:18:53","slug":"dermafiline-creme-corporelle","status":"publish","type":"product","link":"https:\/\/nueeva.ca\/boutique\/product\/dermafiline-creme-corporelle\/","title":{"rendered":"DERMAfiline Cr\u00e8me Corporelle"},"content":{"rendered":"<p>Il s\u2019agit d\u2019une cr\u00e8me corporelle \u00e0 vis\u00e9e raffermissante (anti-capiton), hydratante et exfoliante. L\u2019utilisation r\u00e9guli\u00e8re de la Cr\u00e8me Dermafiline r\u00e9tablit et maintient l\u2019aspect lisse de la peau. Son effet raffermissant se manifeste rapidement sur tout le corps, m\u00eame<\/p>\n","protected":false},"excerpt":{"rendered":"<p>Cr\u00e8me raffermissante anti-cellulite pour le corps. Convient \u00e0 tous les types de peau.<\/p>\n<p>Conseils d\u2019utilisation<\/p>\n<p>Pour obtenir l\u2019effet maximum, la cr\u00e8me doit \u00eatre appliqu\u00e9e le matin sur une peau propre et s\u00e8che. Appliquer par massage circulaire et doux pour faciliter la p\u00e9n\u00e9tration, jusqu\u2019\u00e0 absorption de la cr\u00e8me. Ne pas masser \u00e9nergiquement. Ne pas appliquer imm\u00e9diatement apr\u00e8s le bain, le rasage ou sur une peau irrit\u00e9e. La Cr\u00e8me Pro-Dermafiline aide \u00e0 rehausser et maintenir les r\u00e9sultats de traitements au Vela Shape, Accent, Thermage, en Endermologie, d\u2019une lipposuccion et de massages th\u00e9rapeutiques.<\/p>\n<p>Quantit\u00e9 : 125ml<\/p>\n","protected":false},"featured_media":70,"comment_status":"open","ping_status":"closed","template":"","meta":{"spay_email":""},"_links":{"self":[{"href":"https:\/\/nueeva.ca\/boutique\/wp-json\/wp\/v2\/product\/69"}],"collection":[{"href":"https:\/\/nueeva.ca\/boutique\/wp-json\/wp\/v2\/product"}],"about":[{"href":"https:\/\/nueeva.ca\/boutique\/wp-json\/wp\/v2\/types\/product"}],"replies":[{"embeddable":true,"href":"https:\/\/nueeva.ca\/boutique\/wp-json\/wp\/v2\/comments?post=69"}],"wp:featuredmedia":[{"embeddable":true,"href":"https:\/\/nueeva.ca\/boutique\/wp-json\/wp\/v2\/media\/70"}],"wp:attachment":[{"href":"https:\/\/nueeva.ca\/boutique\/wp-json\/wp\/v2\/media?parent=69"}],"curies":[{"name":"wp","href":"https:\/\/api.w.org\/{rel}","templated":true}]}}