{"id":87,"date":"2019-05-09T22:16:40","date_gmt":"2019-05-09T20:16:40","guid":{"rendered":"https:\/\/nueeva.ca\/boutique\/?post_type=product&#038;p=87"},"modified":"2026-02-26T20:15:15","modified_gmt":"2026-02-26T19:15:15","slug":"terreusmasque","status":"publish","type":"product","link":"https:\/\/nueeva.ca\/boutique\/product\/terreusmasque\/","title":{"rendered":"TerreusMasque"},"content":{"rendered":"<p>TerreusMasqueMC tonie la peau, l\u2019hydrate et l\u2019exfolie l\u00e9g\u00e8rement. \u00c0 une concentration de 20 %, la boue thermale est un r\u00e9ducteur de s\u00e9bum (jusqu\u2019\u00e0 12 %) \u00e0 effet matiant. La boue thermale et l\u2019argile de mer sont des ingr\u00e9dients actifs importants \u00e0 haute teneur en acides amin\u00e9s et en acide humique. Suite \u00e0 un traitement m\u00e9dicoesth\u00e9tique, TerreusMasqueMC apaise et provoque un bien-\u00eatre exceptionnel tout en r\u00e9duisant la rougeur et la sensation de chaleur. L\u2019application hebdomadaire du masque maintient la luminosit\u00e9 et l\u2019\u00e9clat de la peau.<\/p>\n","protected":false},"excerpt":{"rendered":"<p>Masque apaisant pour le visage, le cou et le d\u00e9collet\u00e9. Convient \u00e0 tous les types de peau.<\/p>\n<p>Conseils d\u2019utilisation<\/p>\n<p>Appliquer sur une peau bien ass\u00e9ch\u00e9e et pr\u00e9alablement nettoy\u00e9e avec le Nettoyant Doux Pro-Derm<sup>MD<\/sup>\u00a0une couche opaque d\u2019environ 3mm d\u2019\u00e9paisseur. Laisser agir 20 \u00e0 30 minutes puis enlever \u00e0 l\u2019aide d\u2019une serviette ti\u00e8de et rincer \u00e0 l\u2019eau claire. Ce masque ne s\u00e8che pas sur la peau.<\/p>\n<p>Quantit\u00e9 : 125ml<\/p>\n","protected":false},"featured_media":109,"comment_status":"open","ping_status":"closed","template":"","meta":{"spay_email":""},"_links":{"self":[{"href":"https:\/\/nueeva.ca\/boutique\/wp-json\/wp\/v2\/product\/87"}],"collection":[{"href":"https:\/\/nueeva.ca\/boutique\/wp-json\/wp\/v2\/product"}],"about":[{"href":"https:\/\/nueeva.ca\/boutique\/wp-json\/wp\/v2\/types\/product"}],"replies":[{"embeddable":true,"href":"https:\/\/nueeva.ca\/boutique\/wp-json\/wp\/v2\/comments?post=87"}],"wp:featuredmedia":[{"embeddable":true,"href":"https:\/\/nueeva.ca\/boutique\/wp-json\/wp\/v2\/media\/109"}],"wp:attachment":[{"href":"https:\/\/nueeva.ca\/boutique\/wp-json\/wp\/v2\/media?parent=87"}],"curies":[{"name":"wp","href":"https:\/\/api.w.org\/{rel}","templated":true}]}}